n base 7?
-1253
-144 (base 9) to base 11
-100
What is 108 (base 15) in base 7?
452
What is -13364 (base 8) in base 15?
-1b1b
2823 (base 11) to base 6
24531
Convert -1001012 (base 3) to base 9.
-1035
11246 (base 11) to base 4
3332020
Convert 430 (base 5) to base 16.
73
-83 (base 12) to base 11
-90
8d (base 15) to base 6
341
What is 377 (base 12) in base 16?
20b
Convert 2221 (base 4) to base 7.
331
Convert 400a1 (base 11) to base 9.
88434
What is 60 (base 16) in base 8?
140
48206 (base 9) to base 3
1122020020
Convert -46246 (base 7) to base 12.
-69aa
What is 30130 (base 7) in base 11?
5512
What is 109bb (base 12) in base 7?
121436
-560 (base 10) to base 4
-20300
What is 131312 (base 4) in base 12?
1132
-524 (base 9) to base 13
-26b
-1101111100001 (base 2) to base 9
-10710
55411 (base 6) to base 9
11517
What is 24a7b (base 12) in base 8?
141377
-3335 (base 7) to base 4
-102302
What is -124404 (base 7) in base 15?
-6d06
What is -30a (base 15) in base 10?
-685
What is -2444 (base 11) in base 3?
-11101022
Convert 22043 (base 7) to base 9.
7512
150b (base 15) to base 5
121021
What is 1010010110100 (base 2) in base 6?
40312
10058 (base 9) to base 12
39b2
-1427 (base 11) to base 13
-abb
Convert 10034 (base 6) to base 9.
1724
What is 4354 (base 12) in base 3?
101011101
What is 416 (base 10) in base 2?
110100000
What is 794 (base 11) in base 8?
1666
Convert -a7 (base 16) to base 14.
-bd
172 (base 10) to base 13
103
What is -9b (base 12) in base 6?
-315
Convert 1a3 (base 13) to base 5.
2202
Convert -22211 (base 3) to base 2.
-11101110
Convert -1220202 (base 3) to base 15.
-632
What is -3bc8 (base 16) in base 14?
-5812
What is -23015 (base 7) in base 10?
-5843
135 (base 6) to base 12
4b
Convert -d50 (base 15) to base 8.
-5670
What is -115 (base 15) in base 12?
-185
Convert 51 (base 16) to base 15.
56
-1512 (base 13) to base 14
-1185
What is 16436 (base 10) in base 2?
100000000110100
6305 (base 8) to base 4
303011
-75e (base 15) to base 7
-4565
236 (base 12) to base 15
170
What is 7716 (base 9) in base 3?
21210120
8a3 (base 12) to base 11
a5a
What is -6270 (base 8) in base 12?
-1a74
Convert 186d (base 14) to base 11.
3349
What is 4b61 (base 12) in base 2?
10000101111001
What is -527 (base 10) in base 11?
-43a
What is -3400 (base 8) in base 16?
-700
What is -1769 (base 10) in base 2?
-11011101001
What is -bc4 (base 13) in base 15?
-8e9
-1124 (base 5) to base 13
-c8
What is 130212 (base 4) in base 7?
5223
Convert -1a6 (base 11) to base 9.
-283
What is 598 (base 15) in base 12?
898
Convert 6d (base 16) to base 7.
214
What is -24403 (base 5) in base 2?
-11100111101
What is 2a (base 14) in base 4?
212
Convert a1a (base 15) to base 10.
2275
What is -13662 (base 9) in base 4?
-2101022
What is 1556 (base 7) in base 16?
275
-2918 (base 15) to base 14
-32c6
Convert -116 (base 13) to base 3.
-20222
25909 (base 11) to base 15
ae90
3110121 (base 4) to base 9
20573
2002131 (base 4) to base 12
49b9
What is 1805 (base 14) in base 2?
1000011011101
-43a2 (base 11) to base 6
-42503
-1111111100 (base 2) to base 16
-3fc
Convert 17969 (base 10) to base 4.
10120301
What is -37 (base 10) in base 13?
-2b
3223111 (base 4) to base 16
3ad5
-59 (base 11) to base 14
-48
-14b15 (base 12) to base 8
-71101
Convert -aa7 (base 14) to base 16.
-83b
What is 11020000 (base 3) in base 13?
152a
What is -8c9 (base 14) in base 12?
-1015
680a (base 12) to base 5
332110
Convert -12235 (base 6) to base 16.
-71f
What is 1110021200 (base 3) in base 9?
43250
-11011001111000 (base 2) to base 8
-33170
Convert 17307 (base 8) to base 3.
101210211
Convert 283 (base 10) to base 16.
11b
What is -34400 (base 5) in base 16?
-9ab
What is 200 (base 5) in base 6?
122
Convert -acb (base 15) to base 10.
-2441
Convert 11321 (base 12) to base 9.
34387
Convert 1110001010 (base 2) to base 3.
1020120
Convert 3022000 (base 4) to base 2.
11001010000000
1242 (base 5) to base 12
145
What is -20575 (base 8) in base 9?
-12675
What is -19 (base 10) in base 7?
-25
-144040 (base 9) to base 12
-43099
-1671 (base 11) to base 15
-975
30762 (base 9) to base 6
234002
What is -1314204 (base 5) in base 13?
-bbba
661 (base 16) to base 7
4522
What is -1532 (base 8) in base 5?
-11413
4551 (base 7) to base 13
9a2
-1d17 (base 16) to base 3
-101012211
What is 536 (base 9) in base 16?
1b6
What is -b60 (base 12) in base 3?
-2021100
87c4 (base 14) to base 8
55710
What is -2a9 (base 14) in base 6?
-2301
What is -3d50 (base 16) in base 10?
-15696
Convert -12022201 (base 3) to base 6.
-25544
Convert 10101222110 (base 3) to base 10.
67053
What is -551 (base 11) in base 5?
-10121
-14433 (base 5) to base 10
-1243
What is -14d5 (base 15) in base 5?
-120400
What is -11212221 (base 3) in base 11?
-2749
-1340141 (base 5) to base 12
-13b36
What is -3c6 (base 14) in base 16?
-2fa
Convert -23670 (base 9) to base 10.
-15858
9624 (base 12) to base 3
211120001
Convert -7108 (base 9) to base 13.
-2495
Convert 2c1 (base 13) to base 4.
13233
Convert -13741 (base 10) to base 12.
-7b51
-ff (base 16) to base 5
-2010
Convert 1232 (base 7) to base 16.
1d0
What is 10232 (base 4) in base 3?
102012
What is 55a (base 14) in base 7?
3043
What is 8a7 (base 15) in base 11?
151a
3288 (base 9) to base 10
2429
What is -33020 (base 9) in base 6?
-245200
57 (base 15) to base 2
1010010
Convert -a3a (base 11) to base 9.
-1642
-cc9 (base 16) to base 11
-2506
What is -5257 (base 8) in base 5?
-41420
463 (base 9) to base 4
11331
What is 576 (base 13) in base 2?
1110101110
Convert 381 (base 12) to base 3.
201121
-3547 (base 8) to base 2
-11101100111
What is -28d4 (base 14) in base 3?
-100221020
What is 9266 (base 12) in base 9?
23746
What is 1af7 (base 16) in base 12?
3bb3
Convert 323 (base 4) to base 10.
59
What is -1764 (base 8) in base 11?
-840
4260 (base 10) to base 2
1000010100100
What is 53143 (base 6) in base 7?
26652
What is -2221 (base 3) in base 10?
-79
Convert -2701 (base 8) to base 5.
-21343
Convert 54631 (base 7) to base 4.
3111331
-155 (base 11) to base 10
-181
-1020111102 (base 3) to base 16
-5f63
Convert -642a (base 12) to base 7.
-44002
-650 (base 8) to base 15
-1d4
Convert -543 (base 11) to base 10.
-652
What is 24271 (base 8) in base 9?
15263
Convert -110012 (base 3) to base 12.
-235
Convert 3133 (base 4) to base 5.
1343
7521 (base 9) to base 10
5527
What is 489 (base 11) in base 8?
1105
Convert -27079 (base 12) to base 14.
-157ad
Convert -4341 (base 9) to base 14.
-1244
Convert 1320010 (base 4) to base 14.
2b2c
What is -102223 (base 5) in base 12?
-1ba6
608 (base 11) to base 5
10414
What is 950 (base 16) in base 12?
1468
45331 (base 7) to base 9
16674
4208 (base 11) to base 13
26ca
-10010010001001 (base 2) to base 16
-2489
What is 10322 (base 5) in base 7?
2035
What is -a33 (base 12) in base 14?
-779
32353 (base 6) to base 12
26b9
Convert 5352 (base 7) to base 13.
b31
Convert 31766 (base 9) to base 6.
241223
What is 20110212 (base 3) in base 5?
122341
-12240 (base 8) to base 9
-7216
Convert 100002 (base 3) to base 8.
365
What is -1222221 (base 3) in base 7?
-4150
Convert -106555 (base 7) to base 12.
-b0ba
Convert 522 (base 12) to base 14.
3b4
-2112001 (base 3) to base 8
-3455
5571 (base 11) to base 9
11053
What is -2202220 (base 3) in base 13?
-bc7
What is 2687 (base 14) in base 11?
5107
1244 (base 9) to base 10
931
What is -1010010111011 (base 2) in base 11?
-3a95
32a5 (base 12) to base 13
2717
-40a1 (base 16) to base 4
-10002201
What is -2341 (base 14) in base 16?
-17f5
1e8c (base 15) to base 3
100010120
Convert 2cfd (base 16) to base 11.
8720
-131130 (base 4) to base 9
-2523
Convert 10344 (base 5) to base 12.
504
Convert 2e2c (base 16) to base 12.
6a10
Convert 10303000 (base 4) to base 11.
13842
-1024 (base 12) to base 3
-2102001
Convert 3364 (base 7) to base 2.
10011000110
Convert 1c5 (base 15) to base 10.
410
-42325 (base 6) to base 11
-434a
What is -317 (base 8) in base 2?
-11001111
Convert 471 (base 11) to base 7.
1432
-699c (base 13) to base 15
-45dc
Convert -1000110100011111 (base 2) to base 12.
-18aa7
Convert 27341 (base 8) to base 3.
121110111
Convert -1110110111110 (base 2) to base 7.
-31125
What is 31211 (base 5) in base 15?
921
1415 (base 13) to base 15
ccb
What is -1200403 (base 5) in base 13?
-a008
21c (base 16) to base 14
2a8
What is 5cd0 (base 15